)/(-117) - (-22226)/78 is divided by 1.
0
Suppose -4*s + 7*s = 2*w - 257, w - 133 = 3*s. Calculate the remainder when w is divided by 14.
12
Let s be (-25 - -1)/((-15)/80). Suppose 2*g + s = 6*g. Suppose -b - g = -z, 3*z + b - 137 + 33 = 0. What is the remainder when z is divided by 9?
7
What is the remainder when ((-2231)/115 + 19)*(-555 + 1 + -1) is divided by (-2)/(-1) - -1*23?
22
Suppose 7*g - 8*g = 3. What is the remainder when 63 is divided by -38*1*(-4)/8 + g?
15
Let s(l) be the third derivative of 11*l**6/40 + l**5/30 - l**4/8 + l**3/6 + 9*l**2. What is the remainder when 96 is divided by s(1)?
30
Let a = 24 + 45. What is the remainder when a is divided by 14?
13
Let s(c) = c**2 - 4*c - 4. Let u be s(4). Let l be (12 - (u - -5)) + 2. Let k = 28 - l. Calculate the remainder when 55 is divided by k.
10
Suppose 3658 = 3*f - 4*m, 2*f - m = -5*m + 2432. What is the remainder when f is divided by 11?
8
Let z(c) be the first derivative of c**4/4 - 10*c**3/3 - 2*c**2 + 18*c - 33. Calculate the remainder when z(11) is divided by 16.
15
Let w = -569 + 672. What is the remainder when 1235 is divided by w?
102
Let p = 461 + -446. Calculate the remainder when 148 is divided by p.
13
What is the remainder when 59 is divided by ((-16)/(-12))/4*-3 + 18?
8
Suppose -i - 28 = 4*b - 385, -2*b = -3*i - 161. Calculate the remainder when b is divided by 27.
7
Suppose -19*i = -26*i + 273. What is the remainder when 110 is divided by i?
32
Let k(l) = 33*l**2 - 16*l + 14. What is the remainder when 585 is divided by k(1)?
27
Let n(x) = x**3 - 22*x**2 + 29*x - 148. Calculate the remainder when 32 is divided by n(21).
12
Let s = -1650 + 1680. Calculate the remainder when 566 is divided by s.
26
Let a be 4/(-10) + 2/5. Suppose a*h = -2*h + 22. What is the remainder when 21 is divided by h?
10
Suppose -4*h - 4*c = -1320, -5*c = -8*h + 5*h + 966. What is the remainder when h is divided by 35?
12
Let i(v) = -5*v - 9. Let t be i(-13). Let k = t + -29. Suppose -k = -3*o + 3*r, -4*o + r + 2*r = -36. What is the remainder when o is divided by 3?
0
Suppose 3 + 2 = t. Suppose -t*f = -1710 - 315. Suppose -u = -6*u + f. What is the remainder when u is divided by 28?
25
Suppose 12*p = 8*p - 4. Let s be 3/((-3)/4*p). Suppose 5*k - 49 - 28 = s*m, -3*k + 2*m + 45 = 0. Calculate the remainder when k is divided by 8.
5
Let f be -96 + -1 - (2 + -1). Let o = 165 + f. Calculate the remainder when o is divided by 23.
21
Let r = 24 - -4. What is the remainder when 81 is divided by (r/8)/((-1)/(-6))?
18
Let l(w) = 7*w**2 + w - 1. Let b be l(-2). Suppose 5*c = -0*c + b. Suppose -5*u + 104 = 3*u. Calculate the remainder when u is divided by c.
3
Suppose -146*u = -143*u - 384. Calculate the remainder when u is divided by 17.
9
Let z = 1880 + -1864. Calculate the remainder when 205 is divided by z.
13
Let i(f) = -f**3 - 17*f**2 - 9*f - 66. Let k(x) = -9*x + 3. What is the remainder when i(-17) is divided by k(-3)?
27
Let x(c) = -c**3 - 9*c**2 + 18*c - 1. Let q(a) = 2*a**3 + 17*a**2 - 35*a + 1. Let v(m) = -4*q(m) - 7*x(m). What is the remainder when v(-8) is divided by 14?
13
Suppose -4*x + 296 = -2*r, 0 = 6*r - 3*r. Calculate the remainder when x is divided by 26.
22
Let t be (-5 - (-15)/2) + 2/(-4). Suppose -5*h = -2*s + 35, -t*s - 30 = -6*s + 2*h. What is the remainder when 14 is divided by s?
4
Let w = 30 + -2. Suppose -9*p = -8*p - w. Calculate the remainder when p is divided by 16.
12
Let d be -6 + 10 + (-58)/(-1). Let f = 4 + d. Suppose -132 = -3*m - 4*x - 43, -2*m + 5*x = -21. What is the remainder when f is divided by m?
20
Suppose 37*n = 34*n - 60. Let s be 1/(0 - (-5)/n). Let g = 5 - s. Calculate the remainder when 70 is divided by g.
7
What is the remainder when ((-2)/(-3))/(2/36) is divided by -3*(-24)/(-60)*-5?
0
Suppose 0 = -3*b + 73 - 31. Let d = b - -30. What is the remainder when d is divided by 15?
14
Suppose -4*d = -25 + 5, 2*y = -2*d + 38. What is the remainder when 474 is divided by y?
12
Let m(h) = 3*h**2 - 97*h - 45. What is the remainder when m(34) is divided by 44?
37
Suppose 570 = 5*x - 3*x. Suppose 0 = 3*k + 42 - x. Calculate the remainder when k is divided by 14.
11
Let a(t) = 5*t - 10. Let v be a(-2). Let j = -9 - v. Calculate the remainder when 41 is divided by j.
8
Calculate the remainder when 54/144 + 1722/16 is divided by 28.
24
Let b = 93 - 50. Let y = -28 + b. Calculate the remainder when 18 is divided by y.
3
Suppose -3*a - 60 = -8*a. Let y = 31 - a. Calculate the remainder when 56 is divided by y.
18
Let z(b) be the second derivative of b**5/20 + 5*b**4/6 + 2*b**3/3 - 5*b**2/2 - 14*b. What is the remainder when z(-8) is divided by (2 - -20) + 3 + -2?
22
Let v = -305 - -330. What is the remainder when v is divided by 9?
7
Let p be (-1)/5 - (-182)/35. Let w = p - -37. Suppose -j = -0 - 11. Calculate the remainder when w is divided by j.
9
Let c(k) = -k + 1. Let n be c(-5). Let d = -4 + n. What is the remainder when 18 is divided by (-6 - -8)/(d/5)?
3
Let t be (-2)/10 - (-186)/30. Let x(j) = j**3 - 4*j**2 + j - 10. What is the remainder when x(t) is divided by 14?
12
Calculate the remainder when 46 is divided by (-1 - -10)/(0 - (-2)/4).
10
What is the remainder when (-65)/(-390) - 6286/(-12) is divided by 129?
8
Let u(n) = 2*n**2 + 4*n + 3. Suppose -3*s - 18 = -84. Calculate the remainder when u(-9) is divided by s.
19
What is the remainder when 3 + ((-3)/4)/((-9)/1044) is divided by 15?
0
Let p = -249 + 309. Calculate the remainder when p is divided by 5.
0
Calculate the remainder when 161 is divided by 3 - -4 - (-24 + 4).
26
Suppose 1125*v - 1120*v = 965. What is the remainder when v is divided by 36?
13
Let o = -1187 + 1521. Calculate the remainder when o is divided by 114.
106
Let j(w) = -w**3 + 12*w**2 - 2*w - 17. Let s be j(11). Suppose 7*a = 79 + s. Calculate the remainder when 114 is divided by a.
22
Let l = -22 + 40. Suppose 0 = -5*m + 2*m + l. Calculate the remainder when (3 - 128/44) + (-3159)/(-99) + -4 is divided by m.
4
Suppose s + 4*r = -14, -4*s = 6*r - 7*r + 124. Calculate the remainder when 2/6 - 140/s is divided by (-1 - -5) + -2 + 1.
2
What is the remainder when (-15)/(-330)*-4 + 2554/11 is divided by 68?
28
Let n(y) = y**3 + 20*y**2 + 45*y - 86. What is the remainder when n(-17) is divided by 4?
0
Let f = 22 - 7. Let i(t) = -t**3 + 5*t + 9. Let n be i(-4). Let p = 97 - n. What is the remainder when p is divided by f?
14
Let s(r) = 9*r**2 + 29*r - 6. What is the remainder when s(-7) is divided by 28?
8
Let l(d) = d**3 - 5*d**2 - d - 2. Let r be l(5). Let s(w) = 3*w**3 + 21*w**2 - 6*w - 3. Calculate the remainder when s(r) is divided by 8.
7
Let s(m) = m + 14. Let f = 57 - 61. What is the remainder when (2 - (-18)/f)*416/(-20) is divided by s(0)?
10
Suppose 0 = 297*h - 289*h - 464. Let g(v) = -2*v + 8. What is the remainder when h is divided by g(-7)?
14
Let n(t) = 2*t + 2. Let g be n(2). Suppose -k - k = -22. Calculate the remainder when (-6)/(-9)*171/g is divided by k.
8
Suppose 4*h - 3*h - 2*r = 153, 5*h = 2*r + 725. Let y = -120 + h. Let x(u) = -u**3 + u**2 - u + 12. Calculate the remainder when y is divided by x(0).
11
Suppose 117 = -2*y - 2*r + 459, 5*y + r - 835 = 0. What is the remainder when y is divided by 12?
10
Let a(w) = 3*w - 10. Let t be a(4). Suppose t*x = -x + 39. What is the remainder when x is divided by 10?
3
What is the remainder when ((-117)/(-12))/(1/4) is divided by ((-12)/(-9))/((-104)/(-1638))?
18
Suppose 1 = -u - 3*k, -u - 2*u + 49 = -4*k. Calculate the remainder when 318 is divided by u.
10
Let c(u) = 2*u + 20. Let x be c(0). What is the remainder when 344/9 - 2/9 is divided by 6/(-8) - (-275)/x?
12
Suppose -l + 230 = 2*d, 92*d = -4*l + 87*d + 917. What is the remainder when l is divided by 77?
74
Suppose -14*r + 7 - 413 = 0. Suppose 154 = 3*t + 2*n, -3 + 23 = 4*n. Let z = t + r. What is the remainder when z is divided by 6?
1
Let p(u) = -u**2 + u + 1. Let i be p(2). Let s(t) = -102*t + 5. What is the remainder when s(i) is divided by 28?
23
Let p(d) = -d**2 + 8*d - 2. Let t be p(6). What is the remainder when 59 is divided by ((-12)/(-6))/(2/t)?
9
Suppose 0 = 6*j - 12*j + 1116. What is the remainder when j is divided by 175?
11
What is the remainder when (5/(50/(-216)))/((-42)/140) is divided by 10?
2
Let